s of 195421354.
2, 157, 599, 1039
What are the prime factors of 137599243?
2617, 52579
What are the prime factors of 39533029?
31, 97, 13147
List the prime factors of 70785950.
2, 5, 23, 61553
What are the prime factors of 693959646?
2, 3, 115659941
List the prime factors of 3993428483.
11, 363038953
List the prime factors of 145750488.
2, 3, 13, 569, 821
What are the prime factors of 638528282?
2, 7, 701, 65063
What are the prime factors of 2904076?
2, 7, 17, 6101
What are the prime factors of 7400622?
2, 3, 1233437
List the prime factors of 59877775.
5, 229, 10459
List the prime factors of 708293377.
11, 43, 73, 281
List the prime factors of 10281494.
2, 5140747
What are the prime factors of 730240683?
3, 4339, 56099
List the prime factors of 51021442.
2, 2671, 9551
What are the prime factors of 62423017?
62423017
What are the prime factors of 362019649?
17021, 21269
What are the prime factors of 76695967?
76695967
List the prime factors of 858883001.
59, 2549, 5711
List the prime factors of 159805413.
3, 41, 241, 599
List the prime factors of 52407014.
2, 11, 431, 5527
List the prime factors of 13504356.
2, 3, 375121
What are the prime factors of 673644913?
17401, 38713
What are the prime factors of 415125565?
5, 97, 571, 1499
List the prime factors of 119656947.
3, 39885649
What are the prime factors of 314044556?
2, 7, 271, 41387
List the prime factors of 2031922695.
3, 5, 11, 23, 347, 1543
List the prime factors of 627919.
627919
List the prime factors of 153006069.
3, 17, 19, 157901
What are the prime factors of 489407235?
3, 5, 32627149
What are the prime factors of 5223714532?
2, 1305928633
What are the prime factors of 19845400?
2, 5, 67, 1481
What are the prime factors of 6180399?
3, 23, 73, 409
What are the prime factors of 1022430459?
3, 71, 929, 5167
List the prime factors of 734820361.
11, 181, 369071
List the prime factors of 17386366.
2, 67, 129749
What are the prime factors of 1983222000?
2, 3, 5, 239, 461
What are the prime factors of 245017742?
2, 122508871
What are the prime factors of 2103289656?
2, 3, 13, 6741313
List the prime factors of 3486551882.
2, 11, 7649, 20719
List the prime factors of 20547431.
20547431
List the prime factors of 4958900840.
2, 5, 123972521
What are the prime factors of 94169890?
2, 5, 19, 439, 1129
What are the prime factors of 75868146?
2, 3, 139, 30323
List the prime factors of 2614925.
5, 104597
List the prime factors of 15250681.
43, 354667
List the prime factors of 261431841.
3, 11, 7922177
What are the prime factors of 1233404123?
7, 176200589
List the prime factors of 313806557.
3761, 83437
List the prime factors of 456598018.
2, 71, 3215479
List the prime factors of 308268166.
2, 2447, 62989
What are the prime factors of 1768523033?
1768523033
List the prime factors of 99261103.
53, 67, 27953
What are the prime factors of 497514220?
2, 5, 7, 3553673
What are the prime factors of 164909756?
2, 11, 3747949
What are the prime factors of 51937484?
2, 157, 191, 433
List the prime factors of 57991993.
23, 43, 191, 307
What are the prime factors of 78147971?
11, 645851
What are the prime factors of 323794070?
2, 5, 17, 31, 61441
What are the prime factors of 727766776?
2, 11, 8270077
What are the prime factors of 482417190?
2, 3, 5, 5360191
List the prime factors of 120664757.
120664757
List the prime factors of 2189389254.
2, 3, 13, 1117, 1933
What are the prime factors of 90123541?
31, 191, 491
What are the prime factors of 311272279?
15787, 19717
What are the prime factors of 2477582604?
2, 3, 7, 37, 41, 6481
What are the prime factors of 464136174?
2, 3, 25785343
What are the prime factors of 1049007587?
277, 3787031
List the prime factors of 1192451839.
1192451839
What are the prime factors of 176495363?
11, 29, 553277
What are the prime factors of 76629905?
5, 11, 23, 5507
What are the prime factors of 6606043687?
47, 140554121
List the prime factors of 2329174076.
2, 582293519
List the prime factors of 503425153.
7, 11, 6537989
List the prime factors of 62417706.
2, 3, 13, 127, 6301
List the prime factors of 74347791.
3, 7, 3540371
What are the prime factors of 138843018?
2, 3, 37, 69491
What are the prime factors of 132718960?
2, 5, 11, 67, 2251
What are the prime factors of 2980844780?
2, 5, 149042239
What are the prime factors of 491178781?
71, 6918011
What are the prime factors of 797342626?
2, 398671313
List the prime factors of 931659786.
2, 3, 17252959
List the prime factors of 4195067785.
5, 503, 1668019
What are the prime factors of 89509683?
3, 41, 263, 2767
What are the prime factors of 1323164170?
2, 5, 132316417
List the prime factors of 42410745.
3, 5, 13, 72497
List the prime factors of 102938793.
3, 457, 75083
What are the prime factors of 50770274?
2, 25385137
List the prime factors of 3724041686.
2, 19, 98001097
List the prime factors of 23573595.
3, 5, 313, 5021
List the prime factors of 2134513.
233, 9161
What are the prime factors of 573865690?
2, 5, 57386569
What are the prime factors of 124863572?
2, 17, 43, 42703
List the prime factors of 139515973.
97, 233, 6173
List the prime factors of 481946568.
2, 3, 20081107
What are the prime factors of 77060731?
11, 7005521
What are the prime factors of 430229998?
2, 11, 2467, 7927
What are the prime factors of 22800192?
2, 3, 118751
List the prime factors of 1238671858.
2, 109, 5681981
What are the prime factors of 75976918?
2, 37988459
What are the prime factors of 37654658?
2, 1471, 12799
What are the prime factors of 27797503?
2179, 12757
List the prime factors of 753712.
2, 17, 163
List the prime factors of 2337132989.
2337132989
List the prime factors of 1604101451.
1604101451
What are the prime factors of 39178894?
2, 19589447
What are the prime factors of 214155254?
2, 23, 31, 79, 1901
What are the prime factors of 26003942?
2, 2837, 4583
What are the prime factors of 6583221860?
2, 5, 329161093
List the prime factors of 6278899661.
6278899661
What are the prime factors of 222801267?
3, 13, 257, 22229
List the prime factors of 62856628.
2, 15714157
List the prime factors of 528749612.
2, 41, 1097, 2939
List the prime factors of 369847530.
2, 3, 5, 13, 316109
List the prime factors of 136929285.
3, 5, 251, 449
List the prime factors of 6516102.
2, 3, 211, 5147
What are the prime factors of 87048496?
2, 31, 223, 787
What are the prime factors of 29509163?
29509163
What are the prime factors of 368455824?
2, 3, 11, 17, 4561
List the prime factors of 79856908.
2, 19964227
What are the prime factors of 415084196?
2, 271, 382919
List the prime factors of 185339791.
7, 13, 2036701
What are the prime factors of 34791117?
3, 433, 26783
What are the prime factors of 4686660?
2, 3, 5, 11, 263
What are the prime factors of 70067450?
2, 5, 1401349
What are the prime factors of 162635307?
3, 19, 89, 32059
List the prime factors of 117095452.
2, 29273863
What are the prime factors of 541591743?
3, 7, 11, 2344553
List the prime factors of 165715789.
53, 3126713
List the prime factors of 18775930.
2, 5, 79, 23767
What are the prime factors of 1096644654?
2, 3, 7, 31, 280759
What are the prime factors of 125772245?
5, 25154449
What are the prime factors of 35947521?
3, 97, 41177
List the prime factors of 1230616111.
17, 19, 3809957
What are the prime factors of 660712417?
41, 47, 342871
What are the prime factors of 11567405?
5, 47, 49223
What are the prime factors of 4138719818?
2, 233, 599, 14827
What are the prime factors of 848092256?
2, 11, 2409353
What are the prime factors of 657944722?
2, 328972361
List the prime factors of 1595416964.
2, 398854241
List the prime factors of 197994782.
2, 19, 67, 4093
What are the prime factors of 88546945?
5, 17709389
List the prime factors of 750793790.
2, 5, 75079379
What are the prime factors of 296224483?
79, 3749677
What are the prime factors of 77695170?
2, 3, 5, 7, 419, 883
What are the prime factors of 2529886758?
2, 3, 7, 8605057
List the prime factors of 473354795.
5, 6691, 14149
List the prime factors of 663048222.
2, 3, 110508037
List the prime factors of 5065816.
2, 7, 12923
What are the prime factors of 185154567?
3, 13, 59, 67, 1201
What are the prime factors of 94751033?
13, 29, 19333
List the prime factors of 3545969.
7, 37, 13691
List the prime factors of 106385437.
5